n 56340 is divided by 27820.
700
What is the remainder when 16122 is divided by 943?
91
What is the remainder when 7239 is divided by 17?
14
What is the remainder when 43073 is divided by 33?
8
Calculate the remainder when 3739073 is divided by 1437.
1436
Calculate the remainder when 61538 is divided by 61532.
6
What is the remainder when 26677 is divided by 1905?
7
Calculate the remainder when 28058 is divided by 379.
12
Calculate the remainder when 49886 is divided by 19.
11
Calculate the remainder when 117606 is divided by 2352.
6
What is the remainder when 64756 is divided by 12951?
1
Calculate the remainder when 66061 is divided by 337.
9
What is the remainder when 154112 is divided by 208?
192
Calculate the remainder when 27627 is divided by 27078.
549
Calculate the remainder when 39113 is divided by 39101.
12
What is the remainder when 79207 is divided by 1085?
2
What is the remainder when 75746 is divided by 202?
198
What is the remainder when 6896 is divided by 276?
272
Calculate the remainder when 613232 is divided by 43801.
18
What is the remainder when 3372 is divided by 43?
18
Calculate the remainder when 567222 is divided by 51565.
7
Calculate the remainder when 287973 is divided by 71986.
29
Calculate the remainder when 29823 is divided by 200.
23
Calculate the remainder when 1432 is divided by 82.
38
Calculate the remainder when 1088 is divided by 156.
152
What is the remainder when 3143 is divided by 609?
98
What is the remainder when 22953 is divided by 211?
165
What is the remainder when 44921 is divided by 4?
1
Calculate the remainder when 130657 is divided by 278.
275
What is the remainder when 108702 is divided by 226?
222
What is the remainder when 719 is divided by 78?
17
Calculate the remainder when 597891 is divided by 38.
37
What is the remainder when 5682 is divided by 582?
444
Calculate the remainder when 471834 is divided by 235917.
0
Calculate the remainder when 14997 is divided by 387.
291
Calculate the remainder when 134085 is divided by 1117.
45
Calculate the remainder when 123605 is divided by 17.
15
What is the remainder when 9350 is divided by 2287?
202
What is the remainder when 222186 is divided by 10?
6
What is the remainder when 14951 is divided by 927?
119
What is the remainder when 22121 is divided by 181?
39
What is the remainder when 85430 is divided by 8?
6
What is the remainder when 124429 is divided by 446?
441
Calculate the remainder when 6166 is divided by 147.
139
What is the remainder when 22370 is divided by 21?
5
What is the remainder when 71918 is divided by 71911?
7
What is the remainder when 164586 is divided by 23?
21
What is the remainder when 9532 is divided by 730?
42
Calculate the remainder when 1278 is divided by 169.
95
Calculate the remainder when 28441 is divided by 40.
1
What is the remainder when 85209 is divided by 40?
9
Calculate the remainder when 46424 is divided by 2579.
2
Calculate the remainder when 15777 is divided by 309.
18
What is the remainder when 109954 is divided by 44?
42
What is the remainder when 27043 is divided by 58?
15
Calculate the remainder when 33085 is divided by 4726.
3
Calculate the remainder when 33341 is divided by 42.
35
Calculate the remainder when 1819 is divided by 1793.
26
What is the remainder when 1392 is divided by 145?
87
Calculate the remainder when 339 is divided by 165.
9
What is the remainder when 13372 is divided by 4353?
313
What is the remainder when 28847 is divided by 406?
21
What is the remainder when 47557 is divided by 79?
78
What is the remainder when 18581 is divided by 46?
43
Calculate the remainder when 10886 is divided by 55.
51
Calculate the remainder when 133120 is divided by 26623.
5
Calculate the remainder when 85679 is divided by 360.
359
Calculate the remainder when 173184 is divided by 9.
6
What is the remainder when 21032 is divided by 7008?
8
Calculate the remainder when 99211 is divided by 1575.
1561
Calculate the remainder when 38782 is divided by 963.
262
Calculate the remainder when 2013 is divided by 116.
41
Calculate the remainder when 23609 is divided by 4712.
49
What is the remainder when 122886 is divided by 292?
246
What is the remainder when 54155 is divided by 119?
10
Calculate the remainder when 99066 is divided by 354.
300
What is the remainder when 4150 is divided by 690?
10
Calculate the remainder when 7291 is divided by 7172.
119
What is the remainder when 11265 is divided by 383?
158
What is the remainder when 15386 is divided by 23?
22
What is the remainder when 3732 is divided by 930?
12
Calculate the remainder when 21101 is divided by 21.
17
What is the remainder when 23122 is divided by 25?
22
What is the remainder when 21097 is divided by 249?
181
Calculate the remainder when 31821 is divided by 78.
75
Calculate the remainder when 2109 is divided by 113.
75
What is the remainder when 59057 is divided by 19681?
14
What is the remainder when 622023 is divided by 48?
39
What is the remainder when 31490 is divided by 11?
8
Calculate the remainder when 5983 is divided by 162.
151
Calculate the remainder when 15519 is divided by 2201.
112
What is the remainder when 4403 is divided by 173?
78
Calculate the remainder when 316570 is divided by 129.
4
What is the remainder when 33074 is divided by 50?
24
Calculate the remainder when 9941 is divided by 386.
291
Calculate the remainder when 4268 is divided by 1065.
8
Calculate the remainder when 105471 is divided by 81.
9
Calculate the remainder when 1831 is divided by 84.
67
Calculate the remainder when 11790 is divided by 5893.
4
What is the remainder when 11705 is divided by 1589?
582
Calculate the remainder when 34049 is divided by 1525.
499
What is the remainder when 25172 is divided by 77?
70
What is the remainder when 170118 is divided by 142?
2
Calculate the remainder when 13137 is divided by 13.
7
What is the remainder when 8012 is divided by 551?
298
Calculate the remainder when 14662 is divided by 911.
86
What is the remainder when 4898 is divided by 1125?
398
Calculate the remainder when 165660 is divided by 79.
76
What is the remainder when 30269 is divided by 10086?
11
Calculate the remainder when 427462 is divided by 23.
7
What is the remainder when 2442964 is divided by 184?
180
What is the remainder when 2738 is divided by 455?
8
What is the remainder when 31890 is divided by 10627?
9
Calculate the remainder when 1127223 is divided by 39.
6
What is the remainder when 103963 is divided by 173?
163
What is the remainder when 5342 is divided by 756?
50
What is the remainder when 19575 is divided by 8?
7
Calculate the remainder when 50915 is divided by 25371.
173
What is the remainder when 78877 is divided by 52?
45
Calculate the remainder when 5729 is divided by 72.
41
What is the remainder when 53115 is divided by 43?
10
What is the remainder when 87881 is divided by 29190?
311
Calculate the remainder when 14688 is divided by 179.
10
What is the remainder when 1647 is divided by 407?
19
What is the remainder when 192 is divided by 73?
46
What is the remainder when 2156 is divided by 199?
166
What is the remainder when 15277 is divided by 33?
31
What is the remainder when 262 is divided by 72?
46
What is the remainder when 13077 is divided by 127?
123
What is the remainder when 8009 is divided by 422?
413
Calculate the remainder when 539927 is divided by 24.
23
What is the remainder when 44725 is divided by 243?
13
What is the remainder when 81617 is divided by 27205?
2
Calculate the remainder when 506 is divided by 158.
32
What is the remainder when 2963 is divided by 510?
413
What is the remainder when 187795 is divided by 939?
934
Calculate the remainder when 1027641 is divided by 154.
153
Calculate the remainder when 10916 is divided by 19.
10
Calculate the remainder when 19018 is divided by 164.
158
What is the remainder when 26969 is divided by 125?
94
Calculate the remainder when 7582 is divided by 2125.
1207
Calculate the remainder when 529671 is divided by 264829.
13
Calculate the remainder when 120579 is divided by 6.
3
What is the remainder when 88698 is divided by 7391?
6
Calculate the remainder when 2519 is divided by 804.
107
Calculate the remainder when 75702 is divided by 25166.
204
What is the remainder when 14141 is